{"id":4,"date":"2016-06-06T21:32:03","date_gmt":"2016-06-06T20:32:03","guid":{"rendered":"http:\/\/www.accom.cz\/czech\/?page_id=4"},"modified":"2023-11-07T16:06:20","modified_gmt":"2023-11-07T15:06:20","slug":"profil-spolecnosti","status":"publish","type":"page","link":"https:\/\/www.accom.cz\/czech\/","title":{"rendered":"Profil spole\u010dnosti"},"content":{"rendered":"<div class=\"content\">\n<div class=\"content-in\">\n<h1 id=\"profil\">O spole\u010dnosti ACCOM Czech, a.s.<\/h1>\n<p>Obchodn\u011b distribu\u010dn\u00ed spole\u010dnost ACCOM Czech byla zalo\u017eena v roce 2003 v r\u00e1mci nov\u00e9 organiza\u010dn\u00ed struktury cel\u00e9ho holdingu ACCOM. Zaji\u0161\u0165uje kompletn\u00ed obchodn\u011b distribu\u010dn\u00ed slu\u017eby chlazen\u00fdch i nechlazen\u00fdch ml\u00e9\u010dn\u00fdch produkt\u016f, ovoce a zeleniny do \u0161kol a dal\u0161\u00edho dopl\u0148kov\u00e9ho sortimentu.<\/p>\n<p>ACCOM Czech pat\u0159\u00ed mezi nejv\u011bt\u0161\u00ed obchodn\u011b distribu\u010dn\u00ed firmy v \u010cesk\u00e9 republice. Ve spole\u010dnosti pracuje okolo 150 zam\u011bstnanc\u016f a jej\u00ed tr\u017eby p\u0159esahuj\u00ed 1,5 miliardy korun ro\u010dn\u011b. Spole\u010dnost na trhu zastupuje nejen v\u00fdrobn\u00ed z\u00e1vody, kter\u00e9 pat\u0159\u00ed pod ACCOM holding &#8211; <strong>Bohu\u0161ovickou a Choce\u0148skou ml\u00e9k\u00e1rnu<\/strong>, ale tak\u00e9 mnoho tuzemsk\u00fdch i zahrani\u010dn\u00edch dodavatel\u016f. T\u011bmi jsou nap\u0159\u00edklad <strong>Tatra, Olma, ZOTT, Bel s\u00fdry, Tany, Moravia Lacto, Bohemilk, Ml. Vala\u0161sk\u00e9 Mezi\u0159\u00ed\u010d\u00ed, A.W.Lo\u0161tice, Lactalis, Lesaffre, Italat, Lacnea, Bauer, Ehrmann, Friesland<\/strong> a mnoho dal\u0161\u00edch.<\/p>\n<h3>Z\u00c1SOBUJEME CELOU \u010cR<\/h3>\n<p>Aktu\u00e1ln\u011b disponujeme s\u00edt\u00ed pobo\u010dek a cross dockingov\u00fdch p\u0159ekladi\u0161\u0165 po cel\u00e9m \u00fazem\u00ed \u010cesk\u00e9 republiky. Centr\u00e1ln\u00ed sklady u v\u00fdrobn\u00edch z\u00e1vod\u016f v Chocni a v Bohu\u0161ovic\u00edch nad Oh\u0159\u00ed z\u00e1sobuj\u00ed denn\u011b \u010derstv\u00fdm zbo\u017e\u00edm v\u0161echny cross docky, kter\u00e9 jsou nejen u t\u011bchto pobo\u010dek, ale tak\u00e9 v Kralovic\u00edch, Liberci, Brn\u011b, \u010cesk\u00fdch Bud\u011bjovic\u00edch, Jihlav\u011b a Ostrav\u011b. Z t\u011bchto cross dockingov\u00fdch st\u0159edisek denn\u011b vyr\u00e1\u017e\u00ed k na\u0161im z\u00e1kazn\u00edk\u016fm cca 65 rozvozov\u00fdch vozidel. Na\u0161e slu\u017eby aktu\u00e1ln\u011b vyu\u017e\u00edvaj\u00ed v\u0161echny nadn\u00e1rodn\u00ed i n\u00e1rodn\u00ed obchodn\u00ed \u0159et\u011bzce. K na\u0161im nejv\u00fdznamn\u011bj\u0161\u00edm z\u00e1kazn\u00edk\u016fm pat\u0159\u00ed <strong>COOP Centrum a COOP Morava, Tesco, Lidl, Ahold, Penny market, Kaufland, Billa, Globus, Makro, Norma, Hru\u0161ka, Flosman, BALA, ESO<\/strong> market a mnoho dal\u0161\u00edch. Z\u00e1sobujeme takto cca <strong>6 000 odb\u011brn\u00edch m\u00edst po cel\u00e9 \u010cR<\/strong>.<\/p>\n<h3>JAK OBJEDN\u00c1VAT?<\/h3>\n<p>N\u00e1\u0161 z\u00e1kazn\u00edk m\u016f\u017ee vyb\u00edrat z p\u0159ibli\u017en\u011b <strong>800 druh\u016f v\u00fdrobk\u016f<\/strong> nab\u00edzen\u00fdch v na\u0161em velkoobchodn\u00edm katalogu. Objedn\u00e1vku pak m\u016f\u017ee realizovat p\u0159es na\u0161e obchodn\u00ed z\u00e1stupce p\u0159\u00edmo ve sv\u00e9 prodejn\u011b.\u00a0 Takto po\u0159\u00edzen\u00e1 objedn\u00e1vka je p\u0159es modern\u00ed mobiln\u00ed za\u0159\u00edzen\u00ed automaticky p\u0159enesena ke zpracov\u00e1n\u00ed. D\u00e1le se objedn\u00e1vky sna\u017e\u00edme zajistit pomoc\u00ed dispe\u010derek na\u0161eho call cetra, kter\u00e9 pravideln\u011b aktivn\u011b obvol\u00e1vaj\u00ed registrovan\u00e9 z\u00e1kazn\u00edky. Objedn\u00e1vky jsme v\u0161ak schopni zpracovat i v dal\u0161\u00edch form\u00e1tech, nap\u0159. e-mailem nebo p\u0159es EDI.<\/p>\n<p>T\u011b\u0161\u00edme se na spolupr\u00e1ci i s\u00a0V\u00e1mi.<\/p>\n<\/div>\n<\/div>\n","protected":false},"excerpt":{"rendered":"<p>O spole\u010dnosti ACCOM Czech, a.s. Obchodn\u011b distribu\u010dn\u00ed spole\u010dnost ACCOM Czech byla zalo\u017eena v roce 2003 v r\u00e1mci nov\u00e9 organiza\u010dn\u00ed struktury cel\u00e9ho holdingu ACCOM. Zaji\u0161\u0165uje kompletn\u00ed obchodn\u011b distribu\u010dn\u00ed slu\u017eby chlazen\u00fdch i nechlazen\u00fdch ml\u00e9\u010dn\u00fdch produkt\u016f, ovoce a zeleniny do \u0161kol a dal\u0161\u00edho dopl\u0148kov\u00e9ho sortimentu. ACCOM Czech pat\u0159\u00ed mezi nejv\u011bt\u0161\u00ed obchodn\u011b distribu\u010dn\u00ed firmy v \u010cesk\u00e9 republice. Ve spole\u010dnosti [&hellip;]<\/p>\n","protected":false},"author":9,"featured_media":0,"parent":0,"menu_order":0,"comment_status":"closed","ping_status":"closed","template":"","meta":[],"acf":[],"_links":{"self":[{"href":"https:\/\/www.accom.cz\/czech\/wp-json\/wp\/v2\/pages\/4"}],"collection":[{"href":"https:\/\/www.accom.cz\/czech\/wp-json\/wp\/v2\/pages"}],"about":[{"href":"https:\/\/www.accom.cz\/czech\/wp-json\/wp\/v2\/types\/page"}],"author":[{"embeddable":true,"href":"https:\/\/www.accom.cz\/czech\/wp-json\/wp\/v2\/users\/9"}],"replies":[{"embeddable":true,"href":"https:\/\/www.accom.cz\/czech\/wp-json\/wp\/v2\/comments?post=4"}],"version-history":[{"count":36,"href":"https:\/\/www.accom.cz\/czech\/wp-json\/wp\/v2\/pages\/4\/revisions"}],"predecessor-version":[{"id":999,"href":"https:\/\/www.accom.cz\/czech\/wp-json\/wp\/v2\/pages\/4\/revisions\/999"}],"wp:attachment":[{"href":"https:\/\/www.accom.cz\/czech\/wp-json\/wp\/v2\/media?parent=4"}],"curies":[{"name":"wp","href":"https:\/\/api.w.org\/{rel}","templated":true}]}}