{"id":4,"date":"2016-06-20T14:25:58","date_gmt":"2016-06-20T13:25:58","guid":{"rendered":"http:\/\/www.accom.cz\/gastro\/?page_id=4"},"modified":"2016-09-19T11:14:56","modified_gmt":"2016-09-19T10:14:56","slug":"profil-spolecnosti","status":"publish","type":"page","link":"https:\/\/www.accom.cz\/gastro\/","title":{"rendered":"Profil spole\u010dnosti"},"content":{"rendered":"<div class=\"content\">\n<div class=\"content-in\">\n<h1 id=\"profil\">O spole\u010dnosti ACCOM Gastro<\/h1>\n<p>ACCOM Gastro s.r.o. je jedna z distribu\u010dn\u00edch spole\u010dnost\u00ed ACCOM holding a p\u0159edstavuje zavedenou obchodn\u00ed spole\u010dnost v oblasti velkoobchodn\u00ed distribuce chlazen\u00fdch i nechlazen\u00fdch potravin a surovin do gastronomick\u00fdch provoz\u016f.<\/p>\n<p>Na\u0161e spole\u010dnost se zam\u011b\u0159uje na dod\u00e1v\u00e1n\u00ed \u0161irok\u00e9ho, zejm\u00e9na ml\u00e9k\u00e1rensk\u00e9ho sortimentu do restaurac\u00ed, hotel\u016f, \u0161koln\u00edch i z\u00e1vodn\u00edch j\u00eddelen, nemocnic, \u00fastav\u016f soci\u00e1ln\u00ed p\u00e9\u010de, l\u00e1zn\u00ed i v\u011bze\u0148stv\u00ed. D\u00e1le jsme v\u00fdznamn\u00fdm dodavatelem tvarohu, \u0161leha\u010dek a dal\u0161\u00edch surovin pro pek\u00e1rny, lah\u016fdk\u00e1\u0159sk\u00e9 i cukr\u00e1\u0159sk\u00e9 v\u00fdrobny.<\/p>\n<p>ACCOM\u00a0Gastro\u00a0zastupuje na \u010desk\u00e9m trhu\u00a0etablovan\u00e9 zahrani\u010dn\u00ed v\u00fdrobce pro gastronomii jako jsou Friesland\u2013Campina, ARLA Foods a\u00a0Bauer. Z dal\u0161\u00edch v\u00fdznamn\u00fdch partner\u016f jsou to nap\u0159. Moravia Lacto, OLMA, TATRA, Hollandia, Danone, HAM\u00c9, LABETA, Ml\u00fdny Vo\u017een\u00edlek a jin\u00ed. K z\u00e1sobov\u00e1n\u00ed vyu\u017e\u00edv\u00e1me s\u00ed\u0165 pobo\u010dek po cel\u00e9 \u010cR, kter\u00e9 jsou v Liberci, Bohu\u0161ovic\u00edch nad Oh\u0159\u00ed, Kralovic\u00edch, Chocni, Jihlav\u011b, Brn\u011b, Ostrav\u011b a \u010cesk\u00fdch Bud\u011bjovic\u00edch.<\/p>\n<p>Na\u0161i z\u00e1kazn\u00edci mohou vyu\u017e\u00edvat slu\u017eeb obchodn\u00edch z\u00e1stupc\u016f po cel\u00e9 \u010cR. V sou\u010dasn\u00e9 dob\u011b disponujeme velmi kvalitn\u00edm t\u00fdmem 11 obchodn\u00edch z\u00e1stupc\u016f. Ti\u00a0jsou pravideln\u011b pro\u0161kolov\u00e1ni tak, aby byli\u00a0 p\u0159ipraveni profesion\u00e1ln\u011b\u00a0pomoci na\u0161im z\u00e1kazn\u00edk\u016fm.\u00a0Ke kvalit\u011b slu\u017eeb p\u0159isp\u00edv\u00e1 i nov\u00e9\u00a0IT vybaven\u00ed. V\u0161ichni na\u0161i OZ pou\u017e\u00edvaj\u00ed p\u0159i sb\u011bru objedn\u00e1vek za\u0159\u00edzen\u00ed PDA, kter\u00fdm p\u0159en\u00e1\u0161ej\u00ed objedn\u00e1vku rovnou do syst\u00e9mu. T\u00edm se\u00a0cel\u00fd\u00a0proces objedn\u00e1v\u00e1n\u00ed zefektiv\u0148uje\u00a0a v\u00fdrazn\u011b se sni\u017euje chybovost p\u0159i p\u0159\u00edprav\u011b zbo\u017e\u00ed k z\u00e1kazn\u00edkovi.<\/p>\n<p>Na\u0161e spole\u010dnost si pln\u011b uv\u011bdomuje zvl\u00e1\u0161tnosti gastrotrhu, jeho pot\u0159eby a odli\u0161nosti od retailov\u00e9ho trhu. Tomu st\u00e1le pod\u0159izujeme v\u0161echna opat\u0159en\u00ed k zlep\u0161ov\u00e1n\u00ed obslu\u017enosti na\u0161eho z\u00e1kazn\u00edka.<\/p>\n<p style=\"text-align: center;\">T\u011b\u0161\u00edme se na spolupr\u00e1ci i s\u00a0V\u00e1mi.<\/p>\n<\/div>\n<\/div>\n","protected":false},"excerpt":{"rendered":"<p>O spole\u010dnosti ACCOM Gastro ACCOM Gastro s.r.o. je jedna z distribu\u010dn\u00edch spole\u010dnost\u00ed ACCOM holding a p\u0159edstavuje zavedenou obchodn\u00ed spole\u010dnost v oblasti velkoobchodn\u00ed distribuce chlazen\u00fdch i nechlazen\u00fdch potravin a surovin do gastronomick\u00fdch provoz\u016f. Na\u0161e spole\u010dnost se zam\u011b\u0159uje na dod\u00e1v\u00e1n\u00ed \u0161irok\u00e9ho, zejm\u00e9na ml\u00e9k\u00e1rensk\u00e9ho sortimentu do restaurac\u00ed, hotel\u016f, \u0161koln\u00edch i z\u00e1vodn\u00edch j\u00eddelen, nemocnic, \u00fastav\u016f soci\u00e1ln\u00ed p\u00e9\u010de, l\u00e1zn\u00ed i [&hellip;]<\/p>\n","protected":false},"author":9,"featured_media":0,"parent":0,"menu_order":0,"comment_status":"closed","ping_status":"closed","template":"","meta":[],"acf":[],"_links":{"self":[{"href":"https:\/\/www.accom.cz\/gastro\/wp-json\/wp\/v2\/pages\/4"}],"collection":[{"href":"https:\/\/www.accom.cz\/gastro\/wp-json\/wp\/v2\/pages"}],"about":[{"href":"https:\/\/www.accom.cz\/gastro\/wp-json\/wp\/v2\/types\/page"}],"author":[{"embeddable":true,"href":"https:\/\/www.accom.cz\/gastro\/wp-json\/wp\/v2\/users\/9"}],"replies":[{"embeddable":true,"href":"https:\/\/www.accom.cz\/gastro\/wp-json\/wp\/v2\/comments?post=4"}],"version-history":[{"count":12,"href":"https:\/\/www.accom.cz\/gastro\/wp-json\/wp\/v2\/pages\/4\/revisions"}],"predecessor-version":[{"id":108,"href":"https:\/\/www.accom.cz\/gastro\/wp-json\/wp\/v2\/pages\/4\/revisions\/108"}],"wp:attachment":[{"href":"https:\/\/www.accom.cz\/gastro\/wp-json\/wp\/v2\/media?parent=4"}],"curies":[{"name":"wp","href":"https:\/\/api.w.org\/{rel}","templated":true}]}}